2 + 190 = k*j. Let x = 31 + j. What is the units digit of x?
5
Suppose 11*y + 24*y + 35 = 0. What is the hundreds digit of 815 + (-1 - (y - 2))?
8
Let a(n) = 73*n**2 + 151*n - 3668. What is the ten thousands digit of a(35)?
9
Let t(a) = a**2 + 121*a + 19. What is the thousands digit of t(36)?
5
Suppose 69*c - 12 = 65*c. Suppose -2*h = c*p + h + 12, -2*p + 4 = -h. Suppose -5*y - u + 53 = p, u - 13 = -y - 0*u. What is the units digit of y?
0
Let j(z) be the second derivative of z**5/15 - z**4/12 + z**3 + 5*z**2 + 7*z. Let g(k) be the first derivative of j(k). What is the units digit of g(3)?
6
Let o = -838 + 1247. Let v = o + -102. What is the tens digit of v?
0
Let g(s) = -1736*s + 231. What is the tens digit of g(-8)?
1
Let h = 61 - 49. Let w(x) = h*x**2 - 7*x - 231 + 231. What is the tens digit of w(3)?
8
Let o = -4450 - -4713. What is the tens digit of o?
6
What is the units digit of ((-4872)/2)/(-3 + (-1143)/(-387))?
4
Let u = 2128 + 3802. What is the hundreds digit of u?
9
Suppose 3*p + 46 = 4*k - 2, 2*p - 28 = -4*k. What is the tens digit of 3 + k + (684 - 4)?
9
Let y = 213 - 45. Let f be ((-26)/4)/(7/y). Let b = f - -263. What is the units digit of b?
7
Suppose -456 = -5*z + 3*l, -381 = -4*z - 2*l - l. Let a be z + 2/(-1)*-1. Suppose a = 7*q - 10. What is the units digit of q?
5
Let g(h) be the first derivative of h**6/360 + h**5/120 - h**4/3 - h**3/3 + 16. Let s(a) be the third derivative of g(a). What is the tens digit of s(-6)?
2
Let m be (0 - -1)/(23/(-138)). Let w(a) = -a + 1. Let x be w(m). Suppose -5*s + 5*j = -x*s + 151, 4*s - j = 247. What is the tens digit of s?
6
Let s = 1039 + 806. What is the thousands digit of s?
1
Suppose 4*h + 6 = 26. Suppose o - h*l = -7 - 5, 36 = 5*o - l. What is the units digit of 190/o - (-6)/24?
4
Suppose -144*h - 1971343 + 6438511 = 0. What is the units digit of h?
2
Suppose 0*c = -r - 2*c + 28, -5*r = 2*c - 108. Suppose -4237 = -r*t + 3323. What is the units digit of t?
8
Suppose -15347 = -f + 3*h - 2374, 5*h + 25947 = 2*f. What is the tens digit of f?
7
Let p(s) = -2*s**3 - 4*s**2 - 2*s - 14. Let l be p(-8). Suppose 0 = -5*i + 10*i - l. What is the tens digit of i?
5
Let f be 34/9 + 4/18. Suppose -s = f*n - 1531, 2*n - 773 = -s + 2*s. What is the tens digit of n?
8
Let i(b) = -3*b**3 + 87*b**2 - 23*b + 4. What is the hundreds digit of i(25)?
9
Let d(q) = -q**2 + 77*q - 550. Let c be d(8). Let i be (-15)/1*(-8)/6. Suppose c*o - i = -3*o. What is the units digit of o?
4
Let g(j) = -j**2 + j - 6. Let y = 44 + -48. Let a be g(y). What is the units digit of (1 - a/6)*387/12?
2
Suppose -14775 = -4*z - v + 13833, -5*z + 35753 = 3*v. What is the units digit of z?
3
Let n(k) = -2*k + 11. Let y be (1 - 1)*-1*5/(-10). Let a be n(y). Let m = a + 21. What is the units digit of m?
2
Let a be 20760/(-25) - (-8)/20. Let n = a - -1952. What is the units digit of n?
2
Suppose 3*k + 2*k = 0. Let l be (k - -141)*-2*(-15)/9. Suppose -4*n = -9*n + l. What is the units digit of n?
4
What is the tens digit of 14/(-10) + 3838380/950?
3
Suppose -81 - 39 = -m + 3*i, 3*m = 3*i + 366. Suppose -74*s + 55*s = -382 + 2377. Let d = m - s. What is the units digit of d?
8
Let m(f) be the second derivative of -1/2*f**2 - 9*f + 0 - 3/2*f**3. What is the tens digit of m(-3)?
2
Suppose 72*a = 30*a + 378. Suppose -3827 = -a*d + 4912. What is the units digit of d?
1
Suppose -103*t + 1346920 = -80*t - 465871. What is the hundreds digit of t?
8
Let j = -34 - -34. Suppose -2*n - 330 = -2*k, 2*k - n - 435 + 107 = j. What is the hundreds digit of k?
1
Suppose 41*z + 1850 = 16*z. Let g = 9 + -164. Let x = z - g. What is the tens digit of x?
8
Suppose -x + 4*n + 799 = -n, -5*x + 4047 = n. Let t = 2163 - x. What is the hundreds digit of t?
3
Suppose -t = -4*a - 9, 0 = -4*t + 2*a + 17 + 5. Let q(j) = 27*j**2 - 9*j + 8. What is the tens digit of q(t)?
3
Let l(u) = 66*u - 54. Let v(n) = 1. Let z(g) = -l(g) - 8*v(g). What is the hundreds digit of z(-3)?
2
Let h(x) = 22*x + 125. Let p(d) = 48*d + 251. Let l(m) = -5*h(m) + 2*p(m). What is the tens digit of l(-17)?
1
Suppose -6*l - 5*c - 36 = -4*l, -2*c = -3*l - 16. What is the units digit of l/(-14) - (10876/(-28) + -2)?
1
Let r = 57192 + -39826. What is the units digit of r?
6
Let d = 9558 - -1649. What is the ten thousands digit of d?
1
Let b(y) = y**2 - 3*y. Let n be b(-13). Suppose 4*x + i - 204 = 3*x, -x - 5*i + n = 0. What is the units digit of x?
3
Suppose 0 = -3*r + 4*z + 262, 0 = 2*r + z - 130 - 41. Let c = 88 - r. Suppose -363 = -c*h - h + 4*p, 0 = 5*h - p - 605. What is the hundreds digit of h?
1
What is the hundreds digit of (-1777952)/(-112) - 20/(-14)?
8
Let f be 1227 + (6/4)/(30/40). Suppose 19*j = f + 1184. What is the tens digit of j?
2
Let p(n) = -5*n**2 + 20*n - 7. Let i be p(7). Let j be 8*-1*1840/(-64). Let y = j + i. What is the units digit of y?
8
Let p = 1884 - -1219. What is the tens digit of p?
0
Suppose 3*b = -34*b + 598216. Suppose -52*u + 9*u + b = 0. What is the tens digit of u?
7
Suppose -24*g + 80*g - 239288 = 0. Suppose -153 = 5*u - 3*r - g, u + 3*r - 824 = 0. What is the tens digit of u?
2
What is the thousands digit of (-7 + 194963)/4 - 16?
8
Suppose 348*i - 1116920 - 280350 = -303158. What is the tens digit of i?
4
Let b(o) = -8*o + 15. Let j be b(5). What is the hundreds digit of 4/10 - 5390/j?
2
Let s(y) = 678*y**2 - y + 1. Let f be s(1). Let k = f - 245. What is the hundreds digit of k?
4
Let f = -258 + 775. Let j = -206 + f. What is the hundreds digit of j?
3
Suppose 5*b = -3*d + 6*d + 11, 13 = b + 3*d. Suppose 2*s - 4*s = -b*z - 462, 1166 = 5*s + z. What is the tens digit of s?
3
Suppose 0 = -5*a + x + 123747, 5*a - 270*x + 265*x - 123775 = 0. What is the hundreds digit of a?
7
Let o(k) = -k**3 - k**2 - k + 9104. Let y be o(0). Suppose y = 290*i - 282*i. What is the units digit of i?
8
Let l(m) = 4*m**2 - 23*m - 92. Let n(k) = k**2 + 2*k - 2. Let t(u) = l(u) - 5*n(u). What is the hundreds digit of t(-24)?
1
Suppose -20*q + 19*q + g = -16, -2*q + 32 = -5*g. Suppose q*h = -6478 + 17774. What is the tens digit of h?
0
Let b(t) = 15*t**3 - 11*t**2 - 10*t - 18. Let k(y) = -7*y**3 + 5*y**2 + 5*y + 9. Let n(w) = 6*b(w) + 13*k(w). What is the hundreds digit of n(-8)?
4
Let m(q) = -3499*q + 4969. What is the ten thousands digit of m(-3)?
1
Suppose 4*i - 80448 = -95*r + 100*r, -i + 20112 = -2*r. What is the hundreds digit of i?
1
Suppose -256*k + 358*k - 2773788 = 0. What is the ten thousands digit of k?
2
Let p = -11694 + 17716. What is the thousands digit of p?
6
Let v = -781 + 1221. Let r = -239 + v. What is the units digit of r?
1
Let j(y) = 15*y + 108. Let r be j(-7). Suppose 0 = 4*d - 2*m - 2552, r*d + 4*m - 768 = 1146. What is the units digit of d?
8
Let b = -15766 - -32803. What is the units digit of b?
7
What is the hundreds digit of (176 - -52)*(1748/16 - 1)?
6
Let g(l) = l**3 + 3*l**2 - l. Let n be g(-4). Let r = -19 - n. What is the units digit of (-443)/r + (-10)/35?
3
Suppose 32 = -8*p, 3*q - 6329 = 4*p + 76097. What is the hundreds digit of q?
4
Suppose 6 = 2*c - 4*m - m, 4*c = 5*m + 12. Suppose 29*x - 2484 = 26*x - c*l, 5*x = -l + 4132. What is the hundreds digit of x?
8
Let d be 357/(-9) + 24/(-18). Let o = d - -116. Suppose r - p - o = p, -5*p = 4*r - 339. What is the units digit of r?
1
Suppose -93422 - 101934 = -28*z. What is the thousands digit of z?
6
Let t be ((-45)/10)/(2/12). Let x = t + 37. What is the hundreds digit of 4/x + 3828/30?
1
Suppose 2*v = -2*k - 0*k - 4, 0 = 3*k - 3*v - 18. Suppose 0 = -5*h + 3*h + k. What is the units digit of (12/h - -3)/3?
5
Let t be 2700/(-40)*8/(-6). Let w = t + 330. Suppose 18*y - w = 13*y. What is the tens digit of y?
8
Suppose 0 = 2*d - 8078 - 4124. What is the units digit of d?
1
Suppose -49308*h = -49301*h - 178276. What is the thousands digit of h?
5
Let z(n) = -n**2 - 7*n - 10. Let x be z(-4). Suppose 0 = -x*g - 1840 - 4488. What is the tens digit of 1/6 - g/24?
3
Let n be (-2)/((-4)/(-16) - 0) - 4. Let i(c) = c**3 + 16*c**2 + 16*c + 8. What is the units digit of i(n)?
2
Suppose 2*f - 14 = 2. Let m(q) = -2*q - 21. Let n(z) = z - 22. Let o(b) = -4*m(b) + 5*n(b). What is the units digit of o(f)?
8
Suppose 0 = 3*n + 22 + 56. Let f = n + 63. Let p = 51 - f. What is the units digit of p?
4
Let t(h) = 19*h